{"id":2481,"date":"2025-06-16T11:09:32","date_gmt":"2025-06-16T11:09:32","guid":{"rendered":"https:\/\/allpurp.net\/?page_id=2481"},"modified":"2025-06-16T11:09:32","modified_gmt":"2025-06-16T11:09:32","slug":"najlepsie-potraviny-ktore-interaguju-s-amoxicilinom-co-jest-a-vyhnut-sa","status":"publish","type":"page","link":"https:\/\/allpurp.net\/index.php\/najlepsie-potraviny-ktore-interaguju-s-amoxicilinom-co-jest-a-vyhnut-sa\/","title":{"rendered":"Najlep\u0161ie potraviny, ktor\u00e9 interaguj\u00fa s amoxicil\u00ednom: \u010do jes\u0165 a vyhn\u00fa\u0165 sa"},"content":{"rendered":"<div lang=sk>\n<h2>Najlep\u0161ie potraviny, ktor\u00e9 interaguj\u00fa s amoxicil\u00ednom: \u010do jes\u0165 a vyhn\u00fa\u0165 sa<\/h2>\n<h2>Porozumenie amoxicil\u00ednu a jeho \u00faloha<\/h2>\n<p>Amoxicil\u00edn je v\u0161eobecne predp\u00edsan\u00e9 antibiotikum v Spojenom kr\u00e1\u013eovstve, ktor\u00e9 sa be\u017ene pou\u017e\u00edva na lie\u010dbu rozsahu bakteri\u00e1lnych infekci\u00ed vr\u00e1tane infekci\u00ed d\u00fdchac\u00edch ciest, infekci\u00ed mo\u010dov\u00fdch ciest a ko\u017en\u00fdch stavov. Patr\u00ed do triedy antibiot\u00edk penicil\u00ednu a pracuje inhib\u00edciou tvorby bakteri\u00e1lnych bunkov\u00fdch stien a nakoniec zab\u00edja bakt\u00e9rie.<\/p>\n<p>Vzh\u013eadom na svoje \u0161irok\u00e9 uplat\u0148ovanie je pochopenie toho, ako m\u00f4\u017eu v\u00fdrezy v\u00fd\u017eivy ovplyvni\u0165 jej \u00fa\u010dinnos\u0165. Nieko\u013eko potravinov\u00fdch skup\u00edn bu\u010f zvy\u0161uje alebo inhibuje absorpciu amoxicil\u00ednu, ktor\u00fd priamo ovplyv\u0148uje \u010das zotavenia a celkov\u00fd \u00faspech lie\u010dby.<\/p>\n<h3>\u010co je amoxicil\u00edn?<\/h3>\n<p>Amoxicil\u00edn je beta-lakt\u00e1mov\u00fd <a href=\"https:\/\/slovenskolekaren.com\/kupit-amoxil-genericke-online-bez-lekarskeho-predpisu\">https:\/\/slovenskolekaren.com\/kupit-amoxil-genericke-online-bez-lekarskeho-predpisu<\/a> antibiotikum, ktor\u00e9 sa absorbuje v gastrointestin\u00e1lnom trakte a distribuuje sa po celom tele. \u010casto sa vyber\u00e1 pre svoju \u0161irokospektr\u00e1lnu aktivitu a priazniv\u00fd bezpe\u010dnostn\u00fd profil. Predpisy NHS pre amoxicil\u00edn top takmer 7 mili\u00f3nov ro\u010dne, \u010do nazna\u010duje jeho \u00fastredn\u00fa \u00falohu v modernom lek\u00e1rskom o\u0161etren\u00ed.<\/p>\n<p>Je k dispoz\u00edcii v kapsule, tablete a tekutej forme a zvy\u010dajne sa pod\u00e1va v d\u00e1vkach v rozmedz\u00ed od 250 mg do 500 mg trikr\u00e1t denne. Presn\u00e1 d\u00e1vka z\u00e1vis\u00ed od z\u00e1va\u017enosti a typu lie\u010dby infekcie.<\/p>\n<h3>Ako amoxicil\u00edn funguje v tele<\/h3>\n<p>Po po\u017eit\u00ed sa amoxicil\u00edn absorbuje do krvn\u00e9ho obehu cez tenk\u00e9 \u010drevo. Inhibuje synt\u00e9zu bakteri\u00e1lnych bunkov\u00fdch stien zacielen\u00edm na prote\u00edny via\u017euce penicil\u00edn. To vedie k prasknutiu a smrti bakt\u00e9ri\u00ed.<\/p>\n<p>Di\u00e9tne prvky m\u00f4\u017eu tento proces bu\u010f zr\u00fdchli\u0165 alebo br\u00e1ni\u0165 t\u00fdm, \u017ee ovplyv\u0148uj\u00fa mieru absorpcie liekov, metabolizmus alebo interakciu s \u010drevnou fl\u00f3rou, a preto je informovan\u00e1 strava d\u00f4le\u017eit\u00e1 v priebehu lie\u010dby.<\/p>\n<h3>Pre\u010do di\u00e9ta z\u00e1le\u017e\u00ed pri u\u017e\u00edvan\u00ed antibiot\u00edk<\/h3>\n<p>Antibiotik\u00e1 m\u00f4\u017eu naru\u0161i\u0165 pr\u00edrodn\u00fa \u010drevn\u00fa fl\u00f3ru, sp\u00f4sobi\u0165 gastrointestin\u00e1lne ved\u013eaj\u0161ie \u00fa\u010dinky a interagova\u0165 s ur\u010dit\u00fdmi \u017eiviny. Potraviny hr\u00e1 k\u013e\u00fa\u010dov\u00fa \u00falohu pri tlmen\u00ed t\u00fdchto ved\u013eaj\u0161\u00edch \u00fa\u010dinkov alebo pri ich zhor\u0161ovan\u00ed.<\/p>\n<p>Okrem toho sa niektor\u00e9 potraviny m\u00f4\u017eu viaza\u0165 na antibiotikum, oneskorenie alebo zn\u00ed\u017eenie jeho absorpcie. To by mohlo sp\u00f4sobi\u0165, \u017ee lie\u010dba je menej \u00fa\u010dinn\u00e1 a potenci\u00e1lne vedie k rezistencii na antibiotik\u00e1 alebo pred\u013a\u017eenej chorobe.<\/p>\n<h2>Ako jedlo ovplyv\u0148uje absorpciu a \u00fa\u010dinnos\u0165 amoxicil\u00ednu<\/h2>\n<p>Na\u010dasovanie a typ konzumovan\u00e9ho jedla m\u00f4\u017eu ovplyvni\u0165 farmakokinetiku amoxicil\u00ednu. Niektor\u00e9 potraviny ur\u00fdch\u013euj\u00fa absorpciu a zmier\u0148uj\u00fa ved\u013eaj\u0161ie \u00fa\u010dinky, zatia\u013e \u010do in\u00e9 m\u00f4\u017eu zn\u00ed\u017ei\u0165 jeho \u00fa\u010dinnos\u0165.<\/p>\n<p>Pochopenie, ktor\u00e9 potraviny pom\u00e1haj\u00fa alebo br\u00e1nia, m\u00f4\u017ee zabezpe\u010di\u0165, aby lieky fungovali optim\u00e1lne, \u010d\u00edm sa zn\u00ed\u017ei \u0161anca na zlyhanie lie\u010dby alebo opakuj\u00face sa infekcie.<\/p>\n<h3>Potraviny, ktor\u00e9 zvy\u0161uj\u00fa absorpciu<\/h3>\n<p>Aj ke\u010f amoxicil\u00edn nie je tak citliv\u00fd na jedlo ako niektor\u00e9 in\u00e9 antibiotik\u00e1, niektor\u00e9 potraviny m\u00f4\u017eu podporova\u0165 jeho absorpciu. \u013dahk\u00e9 jedlo s n\u00edzkym obsahom tuku a obsahu s vysok\u00fdm obsahom tekutiny m\u00f4\u017ee pom\u00f4c\u0165 tr\u00e1viacemu syst\u00e9mu.<\/p>\n<ul>\n<li>Ovsen\u00e9 vlo\u010dky s ban\u00e1nmi &#8211; n\u00edzky obsah tuku a bohat\u00fd na drasl\u00edk<\/li>\n<li>Varen\u00e1 zelenina a dusen\u00e1 ry\u017ea<\/li>\n<li>Hydrat\u00e1cia s roztokmi vody alebo elektrolytu<\/li>\n<\/ul>\n<h3>Potraviny, ktor\u00e9 inhibuj\u00fa alebo oneskoruj\u00fa absorpciu<\/h3>\n<p>Jedl\u00e1 s vysok\u00fdm obsahom tuku m\u00f4\u017eu spomali\u0165 vypr\u00e1zd\u0148ovanie \u017eal\u00fadka, a tak oneskori\u0165 absorpciu amoxicil\u00ednu. Potraviny bohat\u00e9 na v\u00e1pnik sa m\u00f4\u017eu viaza\u0165 s antibiotikom, \u010d\u00edm sa zni\u017euje jeho biologick\u00e1 dostupnos\u0165.<\/p>\n<p>Be\u017en\u00e9 vinn\u00edci zah\u0155\u0148aj\u00fa:<\/p>\n<ul>\n<li>Vypr\u00e1\u017ean\u00e9 jedl\u00e1<\/li>\n<li>Om\u00e1\u010dky na b\u00e1ze masla a kr\u00e9mu<\/li>\n<li>\u0160\u0165avy z v\u00e1pniku<\/li>\n<\/ul>\n<h2>Mlie\u010dne v\u00fdrobky a amoxicil\u00edn: Zlo\u017eit\u00fd vz\u0165ah<\/h2>\n<p>Aj ke\u010f to nie je tak\u00e9 p\u00f4sobiv\u00e9 ako v pr\u00edpade tetracykl\u00ednov, mlie\u010dne v\u00fdrobky m\u00f4\u017eu u niektor\u00fdch jedincov st\u00e1le interferova\u0165 s absorpciou amoxicil\u00ednu. Interakcia nie je v\u0161eobecne v\u00fdznamn\u00e1, ale mala by sa monitorova\u0165 na z\u00e1klade pr\u00edznakov a reakcie.<\/p>\n<p>Pacienti sa \u010dasto p\u00fdtaj\u00fa, \u010di by sa malo \u00faplne vyhn\u00fa\u0165 mlieku a in\u00fdm mlie\u010dnym v\u00fdrobkom. Odpove\u010f spo\u010d\u00edva v na\u010dasovan\u00ed a moderovan\u00ed.<\/p>\n<h3>Mali by ste sa vyhn\u00fa\u0165 mlieku a syra?<\/h3>\n<p>V\u00fdskum nazna\u010duje, \u017ee ve\u013ek\u00e9 mno\u017estv\u00e1 mlie\u010dnych v\u00fdrobkov spotrebovan\u00fdch s\u00fa\u010dasne s amoxicil\u00ednom m\u00f4\u017ee zn\u00ed\u017ei\u0165 mno\u017estvo lie\u010diva absorbovan\u00e9ho a\u017e o 15%. Je to kv\u00f4li v\u00e1pniku v komplexoch tvoriacich mlieko s antibiotikom.<\/p>\n<p>Hlavn\u00fdmi p\u00e1chate\u013emi s\u00fa tvrd\u00e9 syry, mlieko a jogurty. Mal\u00e9 mno\u017estv\u00e1 trvaj\u00face hodinu pred alebo po liekoch vo v\u0161eobecnosti predstavuj\u00fa minim\u00e1lne riziko.<\/p>\n<h3>Spotreba na\u010dasovania mlieka a mlie\u010dnych v\u00fdrobkov okolo d\u00e1vkovania<\/h3>\n<p>Aby ste zn\u00ed\u017eili potenci\u00e1lnu negat\u00edvnu interakciu, zv\u00e1\u017ete rozosielanie pr\u00edjmu mlieka a mlie\u010dnych v\u00fdrobkov najmenej 1 a\u017e 2 hodiny od chv\u00edle, ke\u010f u\u017e\u00edvate svoje lieky. To zais\u0165uje optim\u00e1lnu absorpciu a minim\u00e1lnu interakciu s lie\u010divom.<\/p>\n<p>Vzorov\u00fd rozvrh by mohol zah\u0155\u0148a\u0165 u\u017e\u00edvanie amoxicil\u00ednu o 8:00 a ra\u0148ajky s mliekom alebo syrom okolo 9:30 hod. T\u00e1to men\u0161ia \u00faprava m\u00f4\u017ee v\u00fdrazne zmeni\u0165.<\/p>\n<h2>Potraviny bohat\u00e9 na vl\u00e1kna: Pomoc alebo prek\u00e1\u017eka?<\/h2>\n<p>Vl\u00e1kna, aj ke\u010f je prospe\u0161n\u00e1 pre tr\u00e1viace zdravie, sa m\u00f4\u017ee viaza\u0165 na lieky a zmeni\u0165 ich \u00fa\u010dinnos\u0165. Dopad do zna\u010dnej miery z\u00e1vis\u00ed od toho, \u010di je vl\u00e1kno rozpustn\u00e9 alebo nerozpustn\u00e9.<\/p>\n<p>Zvl\u00e1danie pr\u00edjmu vl\u00e1kien s antibiotikami zais\u0165uje, \u017ee nie je ohrozen\u00e1 ani \u00fa\u010dinnos\u0165 \u010driev, ani \u00fa\u010dinnos\u0165 liekov.<\/p>\n<h3>Rozpustn\u00fd vs. Nerozpustn\u00fd n\u00e1raz vl\u00e1kien<\/h3>\n<p>Rozpustn\u00e1 vl\u00e1knina (nach\u00e1dzaj\u00fac sa v ovosoch, fazu\u013ea a jablk\u00e1ch) spoma\u013euje tr\u00e1venie a m\u00f4\u017ee zv\u00fd\u0161i\u0165 absorpciu \u017eiv\u00edn, nepriamo podporuj\u00faca funkciu antibiot\u00edk. Nerozpustn\u00e1 vl\u00e1knina (nach\u00e1dzaj\u00fac sa v cel\u00fdch zrn\u00e1ch a zelenine) v\u0161ak m\u00f4\u017ee liek zachyti\u0165 a zn\u00ed\u017ei\u0165 absorpciu.<\/p>\n<table border=\"1\">\n<tr>\n<th>Typu vl\u00e1kien<\/th>\n<th>Zdroje<\/th>\n<th>\u00da\u010dinok na amoxicil\u00edn<\/th>\n<\/tr>\n<tr>\n<td>Rozpustn\u00fd<\/td>\n<td>Ovos, jablk\u00e1, \u0161o\u0161ovica<\/td>\n<td>Neutr\u00e1lne alebo mierne prospe\u0161n\u00e9<\/td>\n<\/tr>\n<tr>\n<td>Nerozpustn\u00fd<\/td>\n<td>Otruby, celozrnn\u00e1 p\u0161enica, kapusta<\/td>\n<td>M\u00f4\u017ee zn\u00ed\u017ei\u0165 absorpciu<\/td>\n<\/tr>\n<\/table>\n<h3>Odpor\u00fa\u010dan\u00e9 na\u010dasovanie pr\u00edjmu vl\u00e1kien<\/h3>\n<p>Aby sa minimalizovali interakcie, je vhodn\u00e9 jes\u0165 jedl\u00e1 s vysok\u00fdmi vl\u00e1knami najmenej dve hodiny pred alebo po u\u017e\u00edvan\u00ed amoxil\u00ednu. Rozpustn\u00e9 vl\u00e1kna sa m\u00f4\u017eu konzumova\u0165 bli\u017e\u0161ie k \u010dasu lieku bez nepriazniv\u00fdch \u00fa\u010dinkov.<\/p>\n<p>Ako praktick\u00fd tip udr\u017eiavajte ra\u0148ajky svetlo a librov\u00fa vl\u00e1du, ak r\u00e1no d\u00e1vajte d\u00e1vku a zv\u00fd\u0161te vl\u00e1kninu nesk\u00f4r v de\u0148, ke\u010f d\u00f4jde k absorpcii maxim\u00e1lnej absorpcie.<\/p>\n<h2>Alkohol a amoxicil\u00edn: m\u00fdty a fakty<\/h2>\n<p>Be\u017en\u00e1 myln\u00e1 predstava je, \u017ee alkohol \u00faplne neutralizuje antibiotik\u00e1. Aj ke\u010f amoxicil\u00edn neinteraguje s alkoholom, s\u00fabe\u017en\u00e1 spotreba m\u00f4\u017ee naru\u0161i\u0165 zotavenie a zv\u00fd\u0161i\u0165 ved\u013eaj\u0161ie \u00fa\u010dinky.<\/p>\n<p>Moderovanie a na\u010dasovanie s\u00fa k\u013e\u00fa\u010dov\u00e9, najm\u00e4 pri lie\u010dbe infekci\u00ed, ktor\u00e9 si vy\u017eaduj\u00fa konzistentn\u00e9 hladiny antibiot\u00edk v krvnom obehu.<\/p>\n<h3>Je alkohol nebezpe\u010dn\u00fd s amoxicil\u00ednom?<\/h3>\n<p>Na rozdiel od metronidazolu alebo tinidazolu, amoxicil\u00edn nesp\u00f4sobuje z\u00e1va\u017en\u00e9 reakcie s alkoholom. Alkohol v\u0161ak m\u00f4\u017ee oslabi\u0165 imunitn\u00fd syst\u00e9m a pred\u013a\u017ei\u0165 \u010das zotavenia.<\/p>\n<p>Prieskum z roku 2022 vo Ve\u013ekej Brit\u00e1nii zistil, \u017ee 47% pacientov sa domnieva, \u017ee sa musia \u00faplne vyhn\u00fa\u0165 alkoholu, ale iba 15% rozumie z\u00e1kladn\u00e9mu od\u00f4vodneniu.<\/p>\n<h3>Ved\u013eaj\u0161ie \u00fa\u010dinky a zosilnenie rizika<\/h3>\n<p>Alkohol aj amoxicil\u00edn m\u00f4\u017eu sp\u00f4sobi\u0165 nevo\u013enos\u0165, z\u00e1vraty a \u017eal\u00fado\u010dn\u00fd \u017eal\u00fadok. Kombin\u00e1cia t\u00fdchto dvoch \u010dasto zosil\u0148uje tieto ved\u013eaj\u0161ie \u00fa\u010dinky, tak\u017ee sa pacienti celkovo c\u00edtia hor\u0161ie.<\/p>\n<p>Najlep\u0161ie v\u00fdsledky sa vyhnite \u00faplne alkoholu alebo obmedzte pr\u00edjem na jednu jednotku za de\u0148 po\u010das lie\u010dby.<\/p>\n<h2>Fermentovan\u00e9 a probiotick\u00e9 potraviny<\/h2>\n<p>Antibiotik\u00e1, ako je amoxicil\u00edn, naru\u0161uj\u00fa \u010drevn\u00fd mikrobi\u00f3m, \u010dasto zab\u00edjaj\u00fa prospe\u0161n\u00e9 bakt\u00e9rie spolu s patog\u00e9nmi. Fermentovan\u00e9 potraviny m\u00f4\u017eu pom\u00f4c\u0165 obnovi\u0165 t\u00fato rovnov\u00e1hu a zn\u00ed\u017ei\u0165 ved\u013eaj\u0161ie \u00fa\u010dinky, ako je hna\u010dka.<\/p>\n<p>Vr\u00e1tane potrav\u00edn bohat\u00fdch na probiotiku m\u00f4\u017ee v\u00fdznamne zlep\u0161i\u0165 zdravie \u010driev po\u010das a po pou\u017e\u00edvan\u00ed antibiot\u00edk.<\/p>\n<h3>Obnovenie \u010drevnej fl\u00f3ry po\u010das a po lie\u010dbe<\/h3>\n<p>Jogurt so \u017eiv\u00fdmi kult\u00farami, Kefir, Kimchi a Sauerkraut s\u00fa vynikaj\u00facimi mo\u017enos\u0165ami. \u0160t\u00fadie nazna\u010duj\u00fa, \u017ee konzum\u00e1cia probiot\u00edk spolu s antibiotikami m\u00f4\u017ee zn\u00ed\u017ei\u0165 hna\u010dku spojen\u00fa s antibiotikami o 60%.<\/p>\n<p>Vyh\u013eadajte v\u00fdrobky obsahuj\u00face kmene ako Lactobacillus acidophilus a bifidobacterium bifidum pre optim\u00e1lne v\u00fdhody.<\/p>\n<h3>Najlep\u0161ie potraviny bohat\u00e9 na probiotick\u00e9<\/h3>\n<ul>\n<li>Pr\u00edrodn\u00fd jogurt (nesladen\u00fd)<\/li>\n<li>Kefir &#8211; fermentovan\u00fd mlie\u010dny n\u00e1poj<\/li>\n<li>Kombucha &#8211; fermentovan\u00fd \u010daj<\/li>\n<li>Tempeh a Miso-Fermentovan\u00e9 v\u00fdrobky na b\u00e1ze s\u00f3je<\/li>\n<\/ul>\n<h2>Grapefruit a citrusov\u00e9 \u00favahy<\/h2>\n<p>Grapefruit je notoricky zn\u00e1my svojou schopnos\u0165ou interferova\u0165 s metabolizmom lie\u010diva inhib\u00edciou enz\u00fdmov cytochr\u00f3mu p450 v pe\u010deni. Aj ke\u010f je to kritickej\u0161ie so stat\u00ednmi a blok\u00e1tormi v\u00e1pnikov\u00fdch kan\u00e1lov, st\u00e1le sa odpor\u00fa\u010da opatrnos\u0165.<\/p>\n<p>Ostatn\u00e9 plody citrusov m\u00f4\u017eu ma\u0165 tie\u017e men\u0161ie interakcie a mali by by\u0165 moderovan\u00e9 na z\u00e1klade pr\u00edznakov.<\/p>\n<h3>Grapefruit \u00fa\u010dinok na metabolizmus liekov<\/h3>\n<p>Konzum\u00e1cia grapefruitu m\u00f4\u017ee zv\u00fd\u0161i\u0165 hladinu lie\u010diva v krvi a\u017e o 300%, \u010do riskuje toxicitu. Aj ke\u010f je amoxicil\u00edn menej postihnut\u00fd, pacienti v kombinovan\u00fdch terapi\u00e1ch by sa mali \u00faplne vyhn\u00fa\u0165 grapefruitu.<\/p>\n<p>NHS Spojen\u00e9ho kr\u00e1\u013eovstva v\u00fdslovne odpor\u00fa\u010da vyhn\u00fa\u0165 sa grapefruitu pri u\u017e\u00edvan\u00ed ur\u010dit\u00fdch liekov; Je rozumn\u00e9 roz\u0161\u00edri\u0165 t\u00fato opatrnos\u0165 na amoxicil\u00edn, pokia\u013e to poskytovate\u013e zdravotnej starostlivosti nepodporuje inak.<\/p>\n<h3>Ostatn\u00e9 citrusov\u00e9 plody, na ktor\u00e9 treba d\u00e1va\u0165 pozor<\/h3>\n<p>Pomaran\u010de a limetky maj\u00fa ni\u017e\u0161\u00ed profil rizika, ale st\u00e1le m\u00f4\u017eu sp\u00f4sobi\u0165 mierne gastrointestin\u00e1lne nepohodlie, ke\u010f sa kombinuj\u00fa s antibiotikami. Obsah s vysok\u00fdm obsahom kyseliny m\u00f4\u017ee dr\u00e1\u017edi\u0165 v\u00fdstel \u017eal\u00fadka, najm\u00e4 ak u\u017e je zap\u00e1len\u00fd infekciou.<\/p>\n<p>Prejdite na ovocie s n\u00edzkym obsahom kyseliny, ako s\u00fa ban\u00e1ny, mel\u00f3ny a hru\u0161ky, aby sa predi\u0161lo t\u00fdmto probl\u00e9mom.<\/p>\n<h2>Bezpe\u010dn\u00e9 v\u00fdbery potrav\u00edn pri amoxicil\u00edne<\/h2>\n<p>Podpora v\u00e1\u0161ho tela po\u010das antibiotickej terapie zah\u0155\u0148a v\u00fdber \u013eahko str\u00e1vite\u013en\u00fdch a potrav\u00edn bohat\u00fdch na \u017eiviny, ktor\u00e9 zni\u017euj\u00fa z\u00e1pal a posil\u0148uj\u00fa imunitu.<\/p>\n<p>Tieto v\u00fdbery potrav\u00edn pom\u00e1haj\u00fa p\u00f4sobi\u0165 proti ved\u013eaj\u0161\u00edm \u00fa\u010dinkom a optimalizova\u0165 v\u00fdsledky zotavenia.<\/p>\n<h3>Najlep\u0161ie potraviny na podporu zotavenia<\/h3>\n<ul>\n<li>Varen\u00e9 kur\u010da alebo ryby &#8211; \u0161t\u00edhle prote\u00edny pom\u00e1haj\u00fa opravu tkaniva<\/li>\n<li>Ban\u00e1ny a ry\u017ea &#8211; jemn\u00fd na \u017eal\u00fadku<\/li>\n<li>Kos\u0165 &#8211; bohat\u00fd na miner\u00e1ly a hydrat\u00e1ciu<\/li>\n<li>Dusen\u00e1 mrkva a \u0161pen\u00e1t &#8211; poskytujte vitam\u00edny bez podr\u00e1\u017edenia \u010dreva<\/li>\n<\/ul>\n<h3>\u013dahk\u00e9 str\u00e1vite\u013en\u00e9 jedl\u00e1 a n\u00e1pady na ob\u010derstvenie<\/h3>\n<p>Pr\u00edklady zah\u0155\u0148aj\u00fa ka\u0161u, zeleninov\u00fa polievku, mie\u0161an\u00e9 vajcia a oby\u010dajn\u00fd toast. Tieto potraviny s\u00fa nielen jemn\u00e9, ale aj praktick\u00e9 pre ru\u0161n\u00e9 pl\u00e1ny alebo n\u00edzke obdobia chuti do jedla.<\/p>\n<p>Ob\u010derstvenie ako oby\u010dajn\u00fd jogurt, ovsen\u00e9 su\u0161ienky a sladk\u00e9 zemiaky s\u00fa tie\u017e dobre tolerovan\u00e9 po\u010das priebehu antibiot\u00edk.<\/p>\n<h2>\u010co sa vyhn\u00fa\u0165 jedlu pri u\u017e\u00edvan\u00ed amoxicil\u00ednu<\/h2>\n<p>Okrem mlie\u010dnych v\u00fdrobkov a alkoholu existuj\u00fa aj \u010fal\u0161ie skupiny potrav\u00edn, ktor\u00fdm sa treba vyhn\u00fa\u0165 kv\u00f4li ich potenci\u00e1lu sp\u00f4sobi\u0165 z\u00e1pal, podr\u00e1\u017edenie \u010driev alebo metabolick\u00e9 ru\u0161enie.<\/p>\n<p>Ich do\u010dasn\u00e9 odrezanie z va\u0161ej stravy m\u00f4\u017ee podporova\u0165 r\u00fdchlej\u0161ie a pohodlnej\u0161ie uzdravenie.<\/p>\n<h3>Vysoko kysl\u00e9 potraviny a ich nev\u00fdhody<\/h3>\n<ul>\n<li>Paradajky a paradajkov\u00e9 om\u00e1\u010dky<\/li>\n<li>Ocot-n\u00e1ro\u010dn\u00e9 obv\u00e4zy<\/li>\n<li>Citrusov\u00e9 \u0161\u0165avy<\/li>\n<\/ul>\n<p>Tieto potraviny m\u00f4\u017eu zv\u00fd\u0161i\u0165 kyslos\u0165 \u017eal\u00fadka a sp\u00f4sobi\u0165 nepohodlie, najm\u00e4 u jedincov n\u00e1chyln\u00fdch na kysl\u00fd reflux alebo citliv\u00e9 \u017eal\u00fadky.<\/p>\n<h3>Spracovan\u00e9 potraviny a cukor<\/h3>\n<p>Silne spracovan\u00e9 ob\u010derstvenie, r\u00fdchle ob\u010derstvenie a sladk\u00e9 n\u00e1poje m\u00f4\u017eu potla\u010di\u0165 imunitn\u00fa reakciu a zhor\u0161i\u0165 gastrointestin\u00e1lne ved\u013eaj\u0161ie \u00fa\u010dinky.<\/p>\n<p>Obmedzte pr\u00edjem cukru pod 30 g denne, ako odpor\u00fa\u010da NHS, aby sa udr\u017eala optim\u00e1lna imunitn\u00e1 funkcia po\u010das zotavenia.<\/p>\n<h2>Odborn\u00e9 tipy na bezpe\u010dn\u00e9 u\u017e\u00edvanie amoxicil\u00ednu<\/h2>\n<p>Spr\u00e1vne pod\u00e1vanie amoxicil\u00ednu zah\u0155\u0148a viac ako d\u00e1vkovanie &#8211; zah\u0155\u0148a aj to, ako a kedy ho vzia\u0165 s oh\u013eadom na jedl\u00e1 a pr\u00edznaky.<\/p>\n<p>Profesion\u00e1lne usmernenie zais\u0165uje, \u017ee lieky funguj\u00fa efekt\u00edvne a bezpe\u010dne.<\/p>\n<h3>DOS a NEM\u00c1RA\u0164 AKO JE TIME<\/h3>\n<ul>\n<li>Berte amoxicil\u00edn v rovnakom \u010dase denne, aby ste si udr\u017eali rovnomern\u00e9 hladiny lie\u010diva<\/li>\n<li>Neberte si to s jedlami s vysok\u00fdm obsahom tuku alebo bohat\u00fdch na v\u00e1pnik<\/li>\n<li>Vypite s ka\u017edou d\u00e1vkou pln\u00fa poh\u00e1r vody<\/li>\n<li>Neskankajte d\u00e1vky, aj ke\u010f sa c\u00edtite lep\u0161ie<\/li>\n<\/ul>\n<h3>Kedy sa poradi\u0165 so svoj\u00edm farmaceutom alebo lek\u00e1rom<\/h3>\n<p>Ak m\u00e1te z\u00e1va\u017en\u00fa hna\u010dku, alergick\u00e9 reakcie alebo pr\u00edznaky, ktor\u00e9 pretrv\u00e1vaj\u00fa mimo kurzu, pora\u010fte sa s poskytovate\u013eom zdravotnej starostlivosti. Pred kombin\u00e1ciou amoxicil\u00ednu s ak\u00fdmko\u013evek doplnkom alebo bylinn\u00fdmi prostriedkami tie\u017e vyh\u013eadajte radu.<\/p>\n<p>Farmaceuti vo Ve\u013ekej Brit\u00e1nii pon\u00fakaj\u00fa bezplatn\u00e9 konzult\u00e1cie a s\u00fa cenn\u00fdm zdrojom ob\u00e1v s\u00favisiacich s liekmi, \u010dasto s krat\u0161\u00edmi \u010dakac\u00edmi dobami ako sch\u00f4dzky GP.<\/p>\n<\/div>\n","protected":false},"excerpt":{"rendered":"<p>Najlep\u0161ie potraviny, ktor\u00e9 interaguj\u00fa s amoxicil\u00ednom: \u010do jes\u0165 a vyhn\u00fa\u0165 sa Porozumenie amoxicil\u00ednu a jeho \u00faloha Amoxicil\u00edn je v\u0161eobecne predp\u00edsan\u00e9 antibiotikum v Spojenom kr\u00e1\u013eovstve, ktor\u00e9 sa be\u017ene pou\u017e\u00edva na lie\u010dbu rozsahu bakteri\u00e1lnych infekci\u00ed vr\u00e1tane infekci\u00ed d\u00fdchac\u00edch ciest, infekci\u00ed mo\u010dov\u00fdch ciest a ko\u017en\u00fdch stavov. Patr\u00ed do triedy antibiot\u00edk penicil\u00ednu a pracuje inhib\u00edciou tvorby bakteri\u00e1lnych bunkov\u00fdch stien &hellip;<\/p>\n<p class=\"read-more\"> <a class=\"\" href=\"https:\/\/allpurp.net\/index.php\/najlepsie-potraviny-ktore-interaguju-s-amoxicilinom-co-jest-a-vyhnut-sa\/\"> <span class=\"screen-reader-text\">Najlep\u0161ie potraviny, ktor\u00e9 interaguj\u00fa s amoxicil\u00ednom: \u010do jes\u0165 a vyhn\u00fa\u0165 sa<\/span> Read More &raquo;<\/a><\/p>\n","protected":false},"author":1,"featured_media":0,"parent":0,"menu_order":0,"comment_status":"closed","ping_status":"closed","template":"","meta":{"_uag_custom_page_level_css":"","site-sidebar-layout":"default","site-content-layout":"","ast-site-content-layout":"","site-content-style":"default","site-sidebar-style":"default","ast-global-header-display":"","ast-banner-title-visibility":"","ast-main-header-display":"","ast-hfb-above-header-display":"","ast-hfb-below-header-display":"","ast-hfb-mobile-header-display":"","site-post-title":"","ast-breadcrumbs-content":"","ast-featured-img":"","footer-sml-layout":"","theme-transparent-header-meta":"","adv-header-id-meta":"","stick-header-meta":"","header-above-stick-meta":"","header-main-stick-meta":"","header-below-stick-meta":"","astra-migrate-meta-layouts":"","footnotes":""},"uagb_featured_image_src":{"full":false,"thumbnail":false,"medium":false,"medium_large":false,"large":false,"1536x1536":false,"2048x2048":false},"uagb_author_info":{"display_name":"Admin","author_link":"https:\/\/allpurp.net\/index.php\/author\/admin\/"},"uagb_comment_info":0,"uagb_excerpt":"Najlep\u0161ie potraviny, ktor\u00e9 interaguj\u00fa s amoxicil\u00ednom: \u010do jes\u0165 a vyhn\u00fa\u0165 sa Porozumenie amoxicil\u00ednu a jeho \u00faloha Amoxicil\u00edn je v\u0161eobecne predp\u00edsan\u00e9 antibiotikum v Spojenom kr\u00e1\u013eovstve, ktor\u00e9 sa be\u017ene pou\u017e\u00edva na lie\u010dbu rozsahu bakteri\u00e1lnych infekci\u00ed vr\u00e1tane infekci\u00ed d\u00fdchac\u00edch ciest, infekci\u00ed mo\u010dov\u00fdch ciest a ko\u017en\u00fdch stavov. Patr\u00ed do triedy antibiot\u00edk penicil\u00ednu a pracuje inhib\u00edciou tvorby bakteri\u00e1lnych bunkov\u00fdch stien&hellip;","_links":{"self":[{"href":"https:\/\/allpurp.net\/index.php\/wp-json\/wp\/v2\/pages\/2481"}],"collection":[{"href":"https:\/\/allpurp.net\/index.php\/wp-json\/wp\/v2\/pages"}],"about":[{"href":"https:\/\/allpurp.net\/index.php\/wp-json\/wp\/v2\/types\/page"}],"author":[{"embeddable":true,"href":"https:\/\/allpurp.net\/index.php\/wp-json\/wp\/v2\/users\/1"}],"replies":[{"embeddable":true,"href":"https:\/\/allpurp.net\/index.php\/wp-json\/wp\/v2\/comments?post=2481"}],"version-history":[{"count":1,"href":"https:\/\/allpurp.net\/index.php\/wp-json\/wp\/v2\/pages\/2481\/revisions"}],"predecessor-version":[{"id":2483,"href":"https:\/\/allpurp.net\/index.php\/wp-json\/wp\/v2\/pages\/2481\/revisions\/2483"}],"wp:attachment":[{"href":"https:\/\/allpurp.net\/index.php\/wp-json\/wp\/v2\/media?parent=2481"}],"curies":[{"name":"wp","href":"https:\/\/api.w.org\/{rel}","templated":true}]}}