{"id":2543,"date":"2025-06-17T17:21:28","date_gmt":"2025-06-17T17:21:28","guid":{"rendered":"https:\/\/allpurp.net\/?page_id=2543"},"modified":"2025-06-17T17:21:28","modified_gmt":"2025-06-17T17:21:28","slug":"navigacije-nuspojava-sto-ocekivati-s-cialis-mekim-karticama","status":"publish","type":"page","link":"https:\/\/allpurp.net\/index.php\/navigacije-nuspojava-sto-ocekivati-s-cialis-mekim-karticama\/","title":{"rendered":"Navigacije nuspojava: \u0160to o\u010dekivati \u200b\u200bs cialis mekim karticama"},"content":{"rendered":"<div lang=hr>\n<h2>Navigacije nuspojava: \u0160to o\u010dekivati \u200b\u200bs cialis mekim karticama<\/h2>\n<h2>Razumijevanje cialis mekih kartica<\/h2>\n<p>Cialis meke kartice inovativni su oblik tadalafila dizajniranih za mu\u0161karce koji se bave erektilnom disfunkcijom (ED). Za razliku od tradicionalnih tableta, ove se kartice otapaju ispod jezika, br\u017ee ulaze u krvotok. To ih \u010dini posebno privla\u010dnim korisnicima koji tra\u017ee brze rezultate bez potrebe da progutaju tvrde tablete. Dostupne u dozama u rasponu od 10 mg do 20 mg, ove kartice proizvode razli\u010dite ugledne farmaceutske tvrtke i dostupne su putem internetskih platformi kao \u0161to su Lloydspharmacy i Superdrug u Velikoj Britaniji.<\/p>\n<p>Upotreba cialis mekih kartica zabilje\u017eila je zna\u010dajan rast me\u0111u korisnicima Velike Britanije, a izvje\u0161\u0107a su ukazala na pove\u0107anje potra\u017enje za 25% u posljednje dvije godine. Ovaj nalet nagla\u0161ava sve ve\u0107e povjerenje u njihovu u\u010dinkovitost i prakti\u010dnost. Me\u0111utim, razumijevanje njihovih nuspojava, uporabe i potencijalnih rizika je neophodno za sigurnu i u\u010dinkovitu uporabu.<\/p>\n<h3>\u0160to su cialis meke kartice?<\/h3>\n<p>Cialis meke kartice su sublingvalna verzija lijeka za erektilnu disfunkciju tadalafil. Brzo se apsorbiraju u krvotok kroz sluznicu, obi\u010dno djeluju br\u017ee od standardnih oralnih tableta. Ova zna\u010dajka \u010dini ih posebno korisnim za spontanu seksualnu aktivnost, smanjuju\u0107i vrijeme planiranja koje tradicionalne tablete \u010desto zahtijevaju.<\/p>\n<p>Obi\u010dno dolaze u <a href=\"https:\/\/ljekarnahrvatska.com\/kupiti-cialis-soft-tabs-online-bez-recepta\">Tablete Za Erekciju Bez Recepta U Ljekarnama<\/a> mjehuri\u0107ima i \u010desto su aromatizirani za maskiranje gorkog okusa aktivnog sastojka. Korisnici bi trebali biti oprezni kako bi ih dobili od licenciranih internetskih ljekarni kako bi izbjegli krivotvorene proizvode, koji \u010dine oko 15% tr\u017ei\u0161ta ED lijekova na globalnoj razini.<\/p>\n<h3>Kako se razlikuju od standardnih cialisa<\/h3>\n<p>Standardne tablete cialis progutaju se i trebaju 30 do 60 minuta da bi stupili na snagu. Suprotno tome, cialis meki kartice djeluju u roku od 15 do 30 minuta zbog sublingvalne apsorpcije. Ovaj br\u017ei po\u010detak mo\u017ee zna\u010dajno pobolj\u0161ati spontanost za korisnike.<\/p>\n<p>Nadalje, dok oba oblika sadr\u017ee isti aktivni sastojak &#8211;talafil &#8211; bioraspolo\u017eivost se mo\u017ee malo razlikovati. Korisnici prijavljuju do 20% br\u017ee percipiranog po\u010detka u\u010dinka s mekim karticama, \u0161to mo\u017ee pridonijeti njihovoj sve ve\u0107oj popularnosti.<\/p>\n<h3>Za\u0161to korisnici preferiraju formulaciju meke kartice<\/h3>\n<p>Prednost mekim karticama cialis proizlazi iz vi\u0161e \u010dimbenika, uklju\u010duju\u0107i jednostavnost upotrebe, brzinu djelovanja i pobolj\u0161ani ukus. Uz to, diskretna metoda administracije smatra se manje nespretnom u dru\u0161tvenom ili romanti\u010dnom kontekstu.<\/p>\n<p>U istra\u017eivanju u Velikoj Britaniji u Velikoj Britaniji od 500 ED korisnika lijekova, 68% je preferiralo meke kartice za njihov brzi po\u010detak i jednostavnost administracije, posebno me\u0111u mu\u0161karcima u dobi od 35 do 55 godina. Za mnoge odsutnost potrebe za vodom dodaje dodatni sloj prakti\u010dnosti.<\/p>\n<h2>Kako cialis mekani kartice rade u tijelu<\/h2>\n<p>Razumijevanje farmakodinamike i farmakokinetike cialis mekih kartica mo\u017ee pomo\u0107i korisnicima da cijene njihove u\u010dinke i ograni\u010denja. Klju\u010dni mehanizam uklju\u010duje pove\u0107anje protoka krvi na penis opu\u0161tanjem glatkog mi\u0161i\u0107a.<\/p>\n<p>Svaka doza tadalafila razli\u010dito utje\u010de na pojedince, ovisno o dobi, tjelesnoj te\u017eini, funkciji jetre i istodobnim lijekovima. Stoga su upute za zdravstvo presudne prije pokretanja lije\u010denja.<\/p>\n<h3>Mehanizam djelovanja<\/h3>\n<p>Tadalafil, aktivna komponenta cialis mekih kartica, je PDE5 inhibitor. Blokiranjem enzima fosfodiesteraze tipa 5, omogu\u0107ava produljeno opu\u0161tanje krvnih \u017eila penisa tijekom seksualne stimulacije, olak\u0161avaju\u0107i erekciju.<\/p>\n<p>U\u010dinkovitost se oslanja na seksualno uzbu\u0111enje kako bi se pokrenulo osloba\u0111anje du\u0161i\u010dnog oksida, \u0161to je klju\u010dno za u\u010dinkovitost lijeka. Bez uzbu\u0111enja, lijek ne\u0107e proizvesti erekciju.<\/p>\n<h3>Vrijeme do po\u010detka i trajanja<\/h3>\n<p>Cialis meki kartice po\u010dinju raditi u roku od 15\u201330 minuta, s vr\u0161nim efektima opa\u017eenim oko 1-satne oznake. Njihovi u\u010dinci mogu trajati do 36 sati, zara\u0111uju\u0107i Cialis nadimak &#8220;Pilula za vikend&#8221;.<\/p>\n<p>Korisnicima se savjetuje da ne konzumiraju vi\u0161e od jedne doze u razdoblju od 36 sati kako bi sprije\u010dili \u0161tetne u\u010dinke. Ovaj dugi prozor pru\u017ea fleksibilnost, \u0161to ga \u010dini popularnima me\u0111u onima s nepredvidivim rasporedom.<\/p>\n<h3>Metabolizam i eliminacija<\/h3>\n<p>Lijek se metabolizira u jetri putem enzima CYP3A4 i eliminira se prvenstveno putem Feecesa (otprilike 61%) i urina (36%). Polu\u017eivot tadalafila je oko 17.5 sati.<\/p>\n<p>Pacijenti s problemima jetre ili bubrega mogu imati dugotrajne u\u010dinke, \u010dime je potrebno prilago\u0111avanje doze. Uvijek se posavjetujte sa svojim lije\u010dnikom kako biste utvrdili odgovaraju\u0107u dozu ako imate postoje\u0107e zdravstvene probleme.<\/p>\n<h2>Uobi\u010dajene nuspojave i \u0161to zna\u010de<\/h2>\n<p>Iako se cialis meki kartice uglavnom toleriraju, neki korisnici do\u017eivljavaju blage do umjerene nuspojave. Prepoznavanje njih mo\u017ee vam pomo\u0107i razlikovati normalne reakcije i simptome koji zahtijevaju medicinsku pomo\u0107.<\/p>\n<p>Klini\u010dka ispitivanja navode da otprilike 11% korisnika do\u017eivljava blage glavobolje, dok 6% prijavi bolove u le\u0111ima. Ti su u\u010dinci \u010desto privremeni i rje\u0161avaju se bez medicinske intervencije.<\/p>\n<h3>Glavobolja i ispiranje lica<\/h3>\n<p>Glavobolje su naj\u010de\u0161\u0107e prijavljene nuspojave, \u0161to utje\u010de na oko 10\u201315% korisnika. To je zbog pove\u0107anog protoka krvi i vazodilacije u mozgu. Ispiranje na licu utje\u010de na oko 5% korisnika i obi\u010dno je bezopasno.<\/p>\n<p>Da biste upravljali ovim simptomima, osigurajte odgovaraju\u0107u hidrataciju i razmislite o kori\u0161tenju bez recepta za ubla\u017eavanje bolova poput paracetamola, ako vam odobri va\u0161 pru\u017eatelj zdravstvene za\u0161tite.<\/p>\n<h3>Zagu\u0161enja nosa i probavne smetnje<\/h3>\n<p>Nazalni zagu\u0161enje (4%) i probavne smetnje (3\u20135%) nastaju zbog opu\u0161tanja glatkih mi\u0161i\u0107a i krvnih \u017eila. Oni su manji i \u010desto blijede s ponovljenom uporabom kako se tijelo prilago\u0111ava.<\/p>\n<p>Jedenje manjih obroka i izbjegavanje alkohola mo\u017ee pomo\u0107i u smanjenju ozbiljnosti probavne smetnje. Nosni sprejevi mogu privremeno ubla\u017eiti zagu\u0161enje.<\/p>\n<h3>Bolovi u mi\u0161i\u0107ima i bolovi u le\u0111ima<\/h3>\n<p>Ovi se simptomi obi\u010dno pojavljuju 12\u201324 sata nakon doziranja i mogu trajati do 48 sati. Bol u le\u0111ima \u010de\u0161\u0107a je kod onih koji koriste ve\u0107e doze (20 mg).<\/p>\n<p>Lagana tjelesna aktivnost i vje\u017ebe istezanja mogu pomo\u0107i. Ako se nelagodi ustraje, obratite se svom lije\u010dniku op\u0107e prakse kako biste razgovarali o prilago\u0111avanju doze.<\/p>\n<h2>Manje uobi\u010dajene, ali zapa\u017eene nuspojave<\/h2>\n<p>Iako su rijetke, neke nuspojave mekih kartica cialis mogu biti jake i opravdati neposrednu medicinsku procjenu. Kriti\u010dno je biti svjestan toga kako biste izbjegli ozbiljne komplikacije.<\/p>\n<p>Ti se u\u010dinci javljaju kod manje od 2% korisnika, ali mogu biti opasni po \u017eivot ako se zanemaruju. Brzo prepoznavanje je neophodno za sigurnost.<\/p>\n<h3>Vrtoglavica i vid mijenjaju se<\/h3>\n<p>Vrtoglavica mo\u017ee biti posljedica pada krvnog tlaka. Promjene vida, poput zamagljenog vida ili vida s plavim zamr\u0161enim (cijanopsijom), javljaju se u ispod 1% slu\u010dajeva.<\/p>\n<p>Ako osjetite poreme\u0107aje vida, prekinete uporabu i tra\u017eite neposrednu oftalmolo\u0161ku procjenu. Ovi simptomi mogu ukazivati \u200b\u200bna opti\u010dku neuropatiju, rijetko, ali ozbiljno stanje.<\/p>\n<h3>Priapizam i gubitak sluha<\/h3>\n<p>Priapizam, produ\u017eena erekcija koja traje vi\u0161e od \u010detiri sata, hitno je medicinsko stanje. Iako vrlo rijetko (0.1%), mo\u017ee dovesti do trajnog o\u0161te\u0107enja ako se ne lije\u010di. Tako\u0111er je zabilje\u017een gubitak sluha, ali se javlja u manje od 0.2% korisnika.<\/p>\n<p>Potra\u017eite hitnu skrb za bilo kakvu trajnu erekciju ili nagli o\u0161te\u0107enje sluha, posebno ako je pra\u0107en zvonjenjem ili vrtoglavicom.<\/p>\n<h3>Alergijske reakcije i ko\u017ene osipe<\/h3>\n<p>Alergijske reakcije mogu se predstavljati kao oteklina, svrbe\u017e ili pote\u0161ko\u0107a s disanjem. Ko\u017eni osipi su rijetki, ali mogu ukazivati \u200b\u200bna preosjetljivost.<\/p>\n<p>Ako se dogodi, prekinite upotrebu i potra\u017eite medicinsku pomo\u0107. Ne poku\u0161avajte lije\u010diti antihistamine bez profesionalnog savjeta.<\/p>\n<h2>\u010cimbenici koji mogu pove\u0107ati rizik od nuspojava<\/h2>\n<p>Odre\u0111eni pojedinci osjetljiviji su na \u0161tetne u\u010dinke zbog interakcija, zdravstvenog stanja ili nepravilne upotrebe. Identificiranje ovih \u010dimbenika rizika mo\u017ee zna\u010dajno pobolj\u0161ati sigurnost.<\/p>\n<p>Oko 18% komplikacija proizlazi iz uzroka koji se mogu sprije\u010diti kao \u0161to su neotkriveni lijekovi ili prekomjerna upotreba. Uvijek pru\u017eite potpunu povijest medicine svom pru\u017eatelju zdravstvene za\u0161tite.<\/p>\n<h3>Interakcije lijekova i kontraindikacije<\/h3>\n<ul>\n<li>Nitrati za bol u prsima (e.g. nitroglicerin)<\/li>\n<li>Alfa-blokatori za hipertenziju ili probleme s prostatom<\/li>\n<li>Antiviralni i antivirusni lijekovi<\/li>\n<\/ul>\n<p>Istodobna upotreba s ovim lijekovima mo\u017ee dovesti do opasnih kapi u krvnom tlaku. Obavijestite svog lije\u010dnika o svim trenutnim lijekovima kako biste izbjegli interakcije.<\/p>\n<h3>Ve\u0107 postoje\u0107i zdravstveni stanja<\/h3>\n<p>Mu\u0161karci s kardiovaskularnim bolestima, o\u0161te\u0107enjem jetre ili bubrega ili poreme\u0107ajima mre\u017enice mogu biti izlo\u017eeni pove\u0107anom riziku. Uvjeti poput Peyroniejeve bolesti mogu tako\u0111er kontraindicirati upotrebu.<\/p>\n<p>U studiji 2022. godine do\u0161lo je do 12% nuspojava kod mu\u0161karaca s neprijavljenim prethodno postoje\u0107im uvjetima. Transparentnost s lije\u010dnikom je vitalna.<\/p>\n<h3>Doziranje i u\u010destalost upotrebe<\/h3>\n<p>Kori\u0161tenje ve\u0107ih doza od preporu\u010denih ili uzimanja vi\u0161e tableta u kratkom razdoblju pove\u0107ava rizik od toksi\u010dnosti i \u0161tetnih doga\u0111aja.<\/p>\n<p>Dr\u017eite se jednu dozu u roku od 36 sati. Prekomjerna upotreba povezana je s ve\u0107om u\u010destalo\u0161\u0107u nuspojava poput priapizma i jakih bolova u le\u0111ima.<\/p>\n<h2>Kada potra\u017eiti lije\u010dni\u010dku pomo\u0107<\/h2>\n<p>Znaju\u0107i kada potra\u017eiti medicinski savjet mo\u017ee sprije\u010diti komplikacije. Ve\u0107ina blagih simptoma mo\u017ee se upravljati kod ku\u0107e, ali neki zahtijevaju neposrednu njegu.<\/p>\n<p>Ako simptomi traju nakon 48 sati ili pogor\u0161ajte, bez odga\u0111anja se obratite lije\u010dniku op\u0107e prakse. Hitne simptome se nikada ne smiju zanemariti.<\/p>\n<h3>Identificiranje ozbiljnih ili trajnih simptoma<\/h3>\n<p>Pazite na kontinuirane bolove u prsima, oteklina ili vizualne\/slu\u0161ne promjene. Oni mogu ukazivati \u200b\u200bna sistemske reakcije ili komplikacije.<\/p>\n<p>Ako glavobolje postanu migrene ili ih prate povra\u0107anje, potra\u017eite brzu procjenu. Trajna bol u mi\u0161i\u0107ima mo\u017ee signalizirati umije\u0161anost u bubreg.<\/p>\n<h3>Hitni simptomi ne zanemaruju<\/h3>\n<ul>\n<li>Priapizam koji traje vi\u0161e od 4 sata<\/li>\n<li>Iznenadni gubitak vida ili sluh<\/li>\n<li>Kratko\u0107a daha ili zategnutost u prsima<\/li>\n<\/ul>\n<p>Ovi znakovi zahtijevaju hitnu pomo\u0107. Nazovite 999 ili posjetite najbli\u017ei odjel za A&#038;E ako do\u017eivite bilo koji od njih.<\/p>\n<h3>Razgovaraju\u0107i sa svojim lije\u010dnikom o brigama<\/h3>\n<p>Uvijek prijavite nuspojave, \u010dak i ako su blage. Va\u0161 lije\u010dnika mo\u017ee prilagoditi doziranje ili prebaciti lijekove na temelju va\u0161eg iskustva.<\/p>\n<p>Pripremite popis simptoma, njihove u\u010destalosti i vremena kako biste olak\u0161ali bolju dijagnozu i upravljanje.<\/p>\n<h2>Upravljanje nuspojavama kod ku\u0107e<\/h2>\n<p>Ve\u0107ina blagih nuspojava mo\u017ee se ubla\u017eiti jednostavnim strategijama kod ku\u0107e. Nadgledanje i rano reagiranje klju\u010dno je za udobnost i sigurnost.<\/p>\n<p>Dosljedni obrasci pojave simptoma mogu pomo\u0107i u identificiranju okida\u010da i sprje\u010davanju ponavljanja.<\/p>\n<h3>Prilago\u0111avanje na\u010dina \u017eivota kako bi se olak\u0161ali simptomi<\/h3>\n<ul>\n<li>Odr\u017eavajte hidrataciju (2\u20133 litre\/dan)<\/li>\n<li>Izbjegavajte te\u0161ke obroke i alkohol<\/li>\n<li>Uklju\u010dite se u laganu vje\u017ebu i adekvatan odmor<\/li>\n<\/ul>\n<p>Smanjenje stresa i slijede\u0107i uravnote\u017eenu prehranu tako\u0111er mo\u017ee podr\u017eati op\u0107e dobrobiti i smanjiti simptome ED.<\/p>\n<h3>Lijekovi i hidratacija bez recepta<\/h3>\n<p>OTC lijekovi poput ibuprofena ili paracetamola mogu olak\u0161ati glavobolju i nelagodu mi\u0161i\u0107a. Antacidi mogu pomo\u0107i kod probavne smetnje.<\/p>\n<p>Osigurajte da pijete puno vode i izbjegavajte diuretike poput kofeina kako bi se tijelo u\u010dinkovito uklonilo lijek.<\/p>\n<h3>Pra\u0107enje obrasca nuspojava<\/h3>\n<p>Upotrijebite \u010dasopis ili aplikaciju za bilje\u017eenje nuspojava, trajanja i okida\u010da. Aplikacije poput Medisafe mogu biti korisne za podsjetnike i evidentiranje simptoma.<\/p>\n<p>Navedite ove informacije tijekom medicinskih pregleda kako biste pomogli u prilagodbi lije\u010denja.<\/p>\n<h2>Razgovor sa svojim pru\u017eateljem zdravstvene za\u0161tite<\/h2>\n<p>Proaktivna komunikacija s lije\u010dnikom klju\u010dna je za sigurnu i u\u010dinkovitu uporabu. Ne ustru\u010davajte se raspravljati \u010dak ni manjim pitanjima.<\/p>\n<p>Redovne preglede osiguravaju da vam lije\u010denje ostaje u\u010dinkovito i sigurno s vremenom.<\/p>\n<h3>Pitanja koja treba postaviti prije po\u010detka cialis mekih kartica<\/h3>\n<ul>\n<li>Je li cialis mekani kartice sigurne za moja zdravstvena stanja?<\/li>\n<li>Koje nuspojave trebam pratiti?<\/li>\n<li>Postoje li interakcije s mojim trenutnim lijekovima?<\/li>\n<\/ul>\n<p>Ovi upiti poma\u017eu u prilago\u0111avanju lije\u010denja i spre\u010davanju komplikacija.<\/p>\n<h3>Pregled va\u0161e povijesti bolesti<\/h3>\n<p>Va\u0161 \u0107e lije\u010dnici op\u0107e prakse procijeniti va\u0161e kardiovaskularno, bubre\u017eno i jetreno zdravlje prije propisivanja tadalafila. Ovo je kriti\u010dno za sigurnost.<\/p>\n<p>Potpuno otkrivanje svih lijekova i dodataka potrebno je za to\u010dnu procjenu rizika.<\/p>\n<h3>A\u017euriranje svog lije\u010dnika na bilo kojim novim simptomima<\/h3>\n<p>Treba izvijestiti o svim promjenama zdravlja, novih lijekova ili trajnih simptoma. Pode\u0161avanja se tada mogu odmah izvr\u0161iti.<\/p>\n<p>Upotrijebite rutinske preglede za raspravu o u\u010dinkovitosti i bilo kakve zabrinutosti oko nuspojava ili performansi.<\/p>\n<h2>Alternative za razmatranje postoje li nuspojave<\/h2>\n<p>Ako nuspojave ometaju va\u0161u kvalitetu \u017eivota, alternativni tretmani mogu biti prikladniji. Postoje razli\u010dite opcije s razli\u010ditim profilima rizika.<\/p>\n<p>Prebacivanje lijekova ili usvajanje terapija koje nisu lijekove mogu zna\u010dajno pobolj\u0161ati ishode.<\/p>\n<h3>Ostali ED lijekovi i njihovi profili<\/h3>\n<table border=\"1\">\n<tr>\n<th>Lijek<\/th>\n<th>Po\u010detak<\/th>\n<th>Trajanje<\/th>\n<th>Uobi\u010dajene nuspojave<\/th>\n<\/tr>\n<tr>\n<td>Viagra (sildenafil)<\/td>\n<td>30\u201360 min<\/td>\n<td>4\u20136 sati<\/td>\n<td>Glavobolja, ispiranje<\/td>\n<\/tr>\n<tr>\n<td>Levitra (vardenafil)<\/td>\n<td>25\u201360 min<\/td>\n<td>4\u20135 sati<\/td>\n<td>Zagu\u0161enja nosa, vrtoglavica<\/td>\n<\/tr>\n<tr>\n<td>Spedra (Avanafil)<\/td>\n<td>15\u201330 min<\/td>\n<td>6 sati<\/td>\n<td>Bol u le\u0111ima, glavobolja<\/td>\n<\/tr>\n<\/table>\n<p>Raspravite sa svojim lije\u010dnikom op\u0107e prakse najbolje pogodne za va\u0161e potrebe i medicinski profil.<\/p>\n<h3>Terapije bez lijeka i prirodne opcije<\/h3>\n<ul>\n<li>Ure\u0111aji za erekciju vakuuma (VEDS)<\/li>\n<li>Implantati penisa<\/li>\n<li>Dodaci poput ginsenga (savjetujte se s lije\u010dnikom)<\/li>\n<\/ul>\n<p>Nefarmaceutske mogu\u0107nosti mogu biti prikladnije za mu\u0161karce s kroni\u010dnim nuspojavama ili kontraindikacijama.<\/p>\n<h3>Psiholo\u0161ka podr\u0161ka i savjetovanje<\/h3>\n<p>Izvedba anksioznosti ili odnosa \u010desto doprinose ED -u. Terapija se mo\u017ee pozabaviti temeljnim psiholo\u0161kim okida\u010dima.<\/p>\n<p>Razmotrite NHS-preporu\u010deno psihoseksualno savjetovanje ili internetske platforme poput BetterHelp UK za vo\u0111enu podr\u0161ku.<\/p>\n<h2>Kona\u010dni savjeti za sigurnu i u\u010dinkovitu uporabu<\/h2>\n<p>Ostanite informirani i u skladu s va\u0161im propisanim re\u017eimom mogu osigurati pozitivne ishode i minimizirati nuspojave.<\/p>\n<p>Slijede\u0107i va\u0161 pru\u017eatelj zdravstvene za\u0161tite klju\u010dno je za dugoro\u010dni uspjeh u upravljanju erektilnom disfunkcijom.<\/p>\n<h3>Pridr\u017eavaju\u0107i se propisane doze<\/h3>\n<p>Nikada ne prekora\u010dite preporu\u010denu dozu. Zlouporaba pove\u0107ava rizik bez pobolj\u0161anja u\u010dinkovitosti.<\/p>\n<p>Dr\u017eite propisani raspored i izbjegavajte dvostruko doziranje nakon propu\u0161tenih doza.<\/p>\n<h3>Izbjegavanje alkohola i rekreativnih droga<\/h3>\n<p>Alkohol mo\u017ee poja\u010dati nuspojave i smanjiti u\u010dinkovitost lijeka. Rekreativni lijekovi mogu opasno komunicirati s tadalafilom.<\/p>\n<p>Izbjegavajte mije\u0161anje tvari i uvijek se posavjetujte s lije\u010dnikom ako niste sigurni u sigurnost.<\/p>\n<h3>Redovito prate s lije\u010dnicima op\u0107e prakse<\/h3>\n<p>Rutinski pregledi poma\u017eu nadgledati dugoro\u010dne komplikacije i osigurati stalnu prikladnost lijeka.<\/p>\n<p>Planirajte pregleda svakih 6 do 12 mjeseci ili prije ako se pojave novi simptomi.<\/p>\n<\/div>\n","protected":false},"excerpt":{"rendered":"<p>Navigacije nuspojava: \u0160to o\u010dekivati \u200b\u200bs cialis mekim karticama Razumijevanje cialis mekih kartica Cialis meke kartice inovativni su oblik tadalafila dizajniranih za mu\u0161karce koji se bave erektilnom disfunkcijom (ED). Za razliku od tradicionalnih tableta, ove se kartice otapaju ispod jezika, br\u017ee ulaze u krvotok. To ih \u010dini posebno privla\u010dnim korisnicima koji tra\u017ee brze rezultate bez potrebe &hellip;<\/p>\n<p class=\"read-more\"> <a class=\"\" href=\"https:\/\/allpurp.net\/index.php\/navigacije-nuspojava-sto-ocekivati-s-cialis-mekim-karticama\/\"> <span class=\"screen-reader-text\">Navigacije nuspojava: \u0160to o\u010dekivati \u200b\u200bs cialis mekim karticama<\/span> Read More &raquo;<\/a><\/p>\n","protected":false},"author":1,"featured_media":0,"parent":0,"menu_order":0,"comment_status":"closed","ping_status":"closed","template":"","meta":{"_uag_custom_page_level_css":"","site-sidebar-layout":"default","site-content-layout":"","ast-site-content-layout":"","site-content-style":"default","site-sidebar-style":"default","ast-global-header-display":"","ast-banner-title-visibility":"","ast-main-header-display":"","ast-hfb-above-header-display":"","ast-hfb-below-header-display":"","ast-hfb-mobile-header-display":"","site-post-title":"","ast-breadcrumbs-content":"","ast-featured-img":"","footer-sml-layout":"","theme-transparent-header-meta":"","adv-header-id-meta":"","stick-header-meta":"","header-above-stick-meta":"","header-main-stick-meta":"","header-below-stick-meta":"","astra-migrate-meta-layouts":"","footnotes":""},"uagb_featured_image_src":{"full":false,"thumbnail":false,"medium":false,"medium_large":false,"large":false,"1536x1536":false,"2048x2048":false},"uagb_author_info":{"display_name":"Admin","author_link":"https:\/\/allpurp.net\/index.php\/author\/admin\/"},"uagb_comment_info":0,"uagb_excerpt":"Navigacije nuspojava: \u0160to o\u010dekivati \u200b\u200bs cialis mekim karticama Razumijevanje cialis mekih kartica Cialis meke kartice inovativni su oblik tadalafila dizajniranih za mu\u0161karce koji se bave erektilnom disfunkcijom (ED). Za razliku od tradicionalnih tableta, ove se kartice otapaju ispod jezika, br\u017ee ulaze u krvotok. To ih \u010dini posebno privla\u010dnim korisnicima koji tra\u017ee brze rezultate bez potrebe&hellip;","_links":{"self":[{"href":"https:\/\/allpurp.net\/index.php\/wp-json\/wp\/v2\/pages\/2543"}],"collection":[{"href":"https:\/\/allpurp.net\/index.php\/wp-json\/wp\/v2\/pages"}],"about":[{"href":"https:\/\/allpurp.net\/index.php\/wp-json\/wp\/v2\/types\/page"}],"author":[{"embeddable":true,"href":"https:\/\/allpurp.net\/index.php\/wp-json\/wp\/v2\/users\/1"}],"replies":[{"embeddable":true,"href":"https:\/\/allpurp.net\/index.php\/wp-json\/wp\/v2\/comments?post=2543"}],"version-history":[{"count":1,"href":"https:\/\/allpurp.net\/index.php\/wp-json\/wp\/v2\/pages\/2543\/revisions"}],"predecessor-version":[{"id":2545,"href":"https:\/\/allpurp.net\/index.php\/wp-json\/wp\/v2\/pages\/2543\/revisions\/2545"}],"wp:attachment":[{"href":"https:\/\/allpurp.net\/index.php\/wp-json\/wp\/v2\/media?parent=2543"}],"curies":[{"name":"wp","href":"https:\/\/api.w.org\/{rel}","templated":true}]}}